{"id":6917,"date":"2023-11-13T11:01:57","date_gmt":"2023-11-13T08:01:57","guid":{"rendered":"https:\/\/ermtech.com.tr\/magaza\/?post_type=product&#038;p=6917"},"modified":"2025-03-21T15:28:19","modified_gmt":"2025-03-21T12:28:19","slug":"electrozirve-dc-dc-charger-60aalternatorden-aku-sarj-cihazi","status":"publish","type":"product","link":"https:\/\/ermtech.com.tr\/magaza\/urun\/electrozirve-dc-dc-charger-60aalternatorden-aku-sarj-cihazi","title":{"rendered":"Electrozirve 60A DC-DC Charger (Alternat\u00f6rden Ak\u00fc \u015earj Cihaz\u0131)"},"content":{"rendered":"<p>Electrozirve DC-DC Ak\u00fc \u015earj Cihaz\u0131 \u00dcr\u00fcn \u00d6zellikleri<br \/>\nDC-DC \u015farj cihazlar\u0131, genellikle bir ara\u00e7 ak\u00fcs\u00fc(DC) kayna\u011f\u0131ndan gelen enerjiyi bir di\u011fer ak\u00fc veya bataryay\u0131 \u015farj etmek i\u00e7in kullan\u0131lan elektronik cihazlard\u0131r. DC-DC \u015farj cihazlar\u0131, enerji depolama sistemlerinin, ara\u00e7lar\u0131n, teknelerin ve di\u011fer ta\u015f\u0131nabilir enerji ihtiya\u00e7lar\u0131n\u0131n daha verimli ve g\u00fcvenli bir \u015fekilde \u015farj edilmesini sa\u011flamak i\u00e7in kullan\u0131l\u0131r. Electrozirve DC-DC Ak\u00fc \u015earj Cihaz\u0131 Kullan\u0131m Alan\u0131 Ara\u00e7 i\u00e7indeki ba\u015flang\u0131\u00e7 ak\u00fcs\u00fcnden (start ak\u00fcs\u00fc) ikincil bir derin de\u015farj ak\u00fcs\u00fcn\u00fc (ya\u015fam ak\u00fcs\u00fc) \u015farj etme yetene\u011fine sahiptir. G\u00fcvenli ve etkili bir \u015farj s\u00fcreci i\u00e7in ak\u0131ll\u0131 \u015farj \u00f6zellikleri sunabilir. Bu \u00f6zellikler genellikle a\u015f\u0131r\u0131 \u015farj\u0131 \u00f6nlemek, ak\u00fcy\u00fc korumak i\u00e7in kullan\u0131l\u0131r.Genellikle ta\u015f\u0131nabilir ve kompakt yap\u0131da olabilirler, bu da \u00e7e\u015fitli ta\u015f\u0131nabilir elektronik sistemlerde (karavanlar, tekneler, kamp\u00e7\u0131l\u0131k ekipmanlar\u0131) kullan\u0131lmalar\u0131n\u0131 sa\u011flar. Jel, Lityum, Kur\u015fun-Asit gibi ak\u00fcler ile uyumlu \u00e7al\u0131\u015f\u0131r.<\/p>\n<table width=\"284\">\n<tbody>\n<tr>\n<td width=\"120\">Boyut (mm)<\/td>\n<td width=\"164\">311 x 175 x 68<\/td>\n<\/tr>\n<tr>\n<td width=\"120\">A\u011f\u0131rl\u0131k (kg)<\/td>\n<td width=\"164\">2.4<\/td>\n<\/tr>\n<tr>\n<td width=\"120\">Transfer<\/td>\n<td width=\"164\">12V -&gt; 12V<\/td>\n<\/tr>\n<tr>\n<td width=\"120\">Nominal \u015earj Ak\u0131m\u0131<\/td>\n<td width=\"164\">60<\/td>\n<\/tr>\n<tr>\n<td width=\"120\">Batarya Voltaj\u0131<\/td>\n<td width=\"164\">8V-16VDC<\/td>\n<\/tr>\n<tr>\n<td width=\"120\">Nominal Maksimum G\u00fc\u00e7<\/td>\n<td width=\"164\">750W<\/td>\n<\/tr>\n<tr>\n<td width=\"120\">\u015earj Voltaj Aral\u0131\u011f\u0131<\/td>\n<td width=\"164\">Lityum: 12.6V ~ 14.6V<\/p>\n<p>Kur\u015fun-Asit: 13.2V ~ 14.7V<\/td>\n<\/tr>\n<\/tbody>\n<\/table>\n<p>&nbsp;<\/p>\n","protected":false},"excerpt":{"rendered":"<p><img decoding=\"async\" class=\"alignnone size-full wp-image-6814\" src=\"https:\/\/ermtech.com.tr\/magaza\/wp-content\/uploads\/sites\/2\/2023\/11\/logo-e1699738599223.png\" alt=\"\" width=\"150\" height=\"74\" \/><\/p>\n","protected":false},"featured_media":6957,"comment_status":"open","ping_status":"closed","template":"","meta":{"_acf_changed":false},"product_cat":[286],"product_tag":[],"class_list":{"0":"post-6917","1":"product","2":"type-product","3":"status-publish","4":"has-post-thumbnail","6":"product_cat-alternatorden-aku-sarj-cihazlari-karavan-enerji-enerji","8":"first","9":"outofstock","10":"taxable","11":"shipping-taxable","12":"purchasable","13":"product-type-simple"},"acf":[],"_links":{"self":[{"href":"https:\/\/ermtech.com.tr\/magaza\/wp-json\/wp\/v2\/product\/6917","targetHints":{"allow":["GET"]}}],"collection":[{"href":"https:\/\/ermtech.com.tr\/magaza\/wp-json\/wp\/v2\/product"}],"about":[{"href":"https:\/\/ermtech.com.tr\/magaza\/wp-json\/wp\/v2\/types\/product"}],"replies":[{"embeddable":true,"href":"https:\/\/ermtech.com.tr\/magaza\/wp-json\/wp\/v2\/comments?post=6917"}],"version-history":[{"count":2,"href":"https:\/\/ermtech.com.tr\/magaza\/wp-json\/wp\/v2\/product\/6917\/revisions"}],"predecessor-version":[{"id":7182,"href":"https:\/\/ermtech.com.tr\/magaza\/wp-json\/wp\/v2\/product\/6917\/revisions\/7182"}],"wp:featuredmedia":[{"embeddable":true,"href":"https:\/\/ermtech.com.tr\/magaza\/wp-json\/wp\/v2\/media\/6957"}],"wp:attachment":[{"href":"https:\/\/ermtech.com.tr\/magaza\/wp-json\/wp\/v2\/media?parent=6917"}],"wp:term":[{"taxonomy":"product_cat","embeddable":true,"href":"https:\/\/ermtech.com.tr\/magaza\/wp-json\/wp\/v2\/product_cat?post=6917"},{"taxonomy":"product_tag","embeddable":true,"href":"https:\/\/ermtech.com.tr\/magaza\/wp-json\/wp\/v2\/product_tag?post=6917"}],"curies":[{"name":"wp","href":"https:\/\/api.w.org\/{rel}","templated":true}]}}