{"id":6386,"date":"2023-11-10T15:27:06","date_gmt":"2023-11-10T12:27:06","guid":{"rendered":"https:\/\/ermtech.com.tr\/magaza\/?post_type=product&#038;p=6386"},"modified":"2025-07-01T12:28:19","modified_gmt":"2025-07-01T09:28:19","slug":"apex-230w-half-cut-monokristal-gunes-paneli","status":"publish","type":"product","link":"https:\/\/ermtech.com.tr\/magaza\/urun\/apex-230w-half-cut-monokristal-gunes-paneli","title":{"rendered":"Apex 230W Half-cut Monokristal G\u00fcne\u015f Paneli"},"content":{"rendered":"<div id=\"tab-description\" class=\"tab-content\">\n<h2><strong style=\"font-size: 16px;\">Apex 230W Half-cut Monokristal G\u00fcne\u015f Paneli Teknik Detaylar<\/strong><\/h2>\n<p>Boyut 71 x 158 cm<br \/>\nA\u011f\u0131rl\u0131k 13 kg<br \/>\nG\u00fc\u00e7 \u00dcretimi 230 W<br \/>\nH\u00fccre Say\u0131s\u0131 72 Monokristal H\u00fccre<\/p>\n<p><strong>Apex 230W Half-cut Monokristal G\u00fcne\u015f Paneli \u00dcr\u00fcn \u00d6zellikleri<\/strong><\/p>\n<p>G\u00fcne\u015f panelleri \u00e7ok farkl\u0131 uygulama alan\u0131nda g\u00fcne\u015f enerjisinden elektrik enerjisi elde etmek amac\u0131yla kullan\u0131l\u0131r. Apex Hulf-Cut (Yar\u0131m H\u00fccreli) monokristal g\u00fcne\u015f paneli ayn\u0131 ama\u00e7la \u00fcretilmi\u015ftir ama geleneksel monokristal panellerden baz\u0131 \u00f6zellikleri a\u00e7\u0131s\u0131ndan farkl\u0131d\u0131r.<\/p>\n<p>Hulf-cut teknolojisi bir g\u00fcne\u015f panelindeki tam bir h\u00fccrenin iki e\u015fit par\u00e7aya b\u00f6l\u00fcnmesiyle \u00fcretilir. B\u00f6ylece h\u00fccredeki i\u00e7 direncin azalmas\u0131 ve fotovoltaik verimin artmas\u0131 sa\u011flanm\u0131\u015ft\u0131r. Ak\u0131m ikiye b\u00f6l\u00fcnd\u00fc\u011f\u00fc i\u00e7in g\u00fc\u00e7 kayb\u0131 4 kat daha azalm\u0131\u015f olur. Dolay\u0131s\u0131yla toplam g\u00fc\u00e7 \u00e7\u0131k\u0131\u015f\u0131 bu panellerde daha y\u00fcksektir.<\/p>\n<p>Mono-perc h\u00fccre teknolojisi kullan\u0131l\u0131r. H\u00fccreler 5 Bus-Bar\u2019l\u0131d\u0131r.<\/p>\n<p>Ayr\u0131lm\u0131\u015f ba\u011flant\u0131 kutular\u0131 mevcuttur.<\/p>\n<p>G\u00f6lgeli ko\u015fullarda \u00e7ok daha iyi performansla \u00fcretime devam edebilir.<\/p>\n<p>Yar\u0131m h\u00fccreli panellerde ak\u0131m daha d\u00fc\u015f\u00fck oldu\u011fu i\u00e7in \u0131s\u0131 \u00fcretimi de az olur. Dolay\u0131s\u0131yla hotspot olu\u015fma ihtimali azal\u0131r.<\/p>\n<p>Karavan i\u00e7in g\u00fcne\u015f panelinizi se\u00e7erken nelere dikkat etmeniz gerekti\u011fini linteki yaz\u0131dan okuyabilirsiniz.<\/p>\n<p><strong>Apex 230W Half-cut Monokristal G\u00fcne\u015f Paneli Kullan\u0131m Alan\u0131<\/strong><\/p>\n<p>Fotovoltaik \u00e7at\u0131 sistemleri ve yer sistemlerinde ticari ve end\u00fcstriyel ama\u00e7l\u0131 elektrik \u00fcretiminde kullan\u0131labildi\u011fi gibi \u015fahsi motorlu evlerde, karavanlarda s\u0131k tercih edilen bir \u00fcr\u00fcnd\u00fcr.<\/p>\n<p>G\u00fcne\u015f paneli kategorisine ait di\u011fer \u00fcr\u00fcnleri inceleyebilirsiniz.<\/p>\n<p>Apex markas\u0131na ait di\u011fer \u00fcr\u00fcnleri ve apex monokristal g\u00fcne\u015f paneli fiyatlar\u0131n\u0131 inceleyebilirsiniz.<\/p>\n<\/div>\n","protected":false},"excerpt":{"rendered":"<p><img decoding=\"async\" class=\"alignnone size-full wp-image-6814\" src=\"https:\/\/ermtech.com.tr\/magaza\/wp-content\/uploads\/sites\/2\/2023\/11\/logo-e1699738599223.png\" alt=\"\" width=\"150\" height=\"74\" \/><\/p>\n","protected":false},"featured_media":6428,"comment_status":"open","ping_status":"closed","template":"","meta":{"_acf_changed":false},"product_cat":[270,302],"product_tag":[],"class_list":{"0":"post-6386","1":"product","2":"type-product","3":"status-publish","4":"has-post-thumbnail","6":"product_cat-gunes-panelleri","7":"product_cat-monokristal-gunes-paneli","9":"first","10":"instock","11":"taxable","12":"shipping-taxable","13":"purchasable","14":"product-type-simple"},"acf":[],"_links":{"self":[{"href":"https:\/\/ermtech.com.tr\/magaza\/wp-json\/wp\/v2\/product\/6386","targetHints":{"allow":["GET"]}}],"collection":[{"href":"https:\/\/ermtech.com.tr\/magaza\/wp-json\/wp\/v2\/product"}],"about":[{"href":"https:\/\/ermtech.com.tr\/magaza\/wp-json\/wp\/v2\/types\/product"}],"replies":[{"embeddable":true,"href":"https:\/\/ermtech.com.tr\/magaza\/wp-json\/wp\/v2\/comments?post=6386"}],"version-history":[{"count":2,"href":"https:\/\/ermtech.com.tr\/magaza\/wp-json\/wp\/v2\/product\/6386\/revisions"}],"predecessor-version":[{"id":7266,"href":"https:\/\/ermtech.com.tr\/magaza\/wp-json\/wp\/v2\/product\/6386\/revisions\/7266"}],"wp:featuredmedia":[{"embeddable":true,"href":"https:\/\/ermtech.com.tr\/magaza\/wp-json\/wp\/v2\/media\/6428"}],"wp:attachment":[{"href":"https:\/\/ermtech.com.tr\/magaza\/wp-json\/wp\/v2\/media?parent=6386"}],"wp:term":[{"taxonomy":"product_cat","embeddable":true,"href":"https:\/\/ermtech.com.tr\/magaza\/wp-json\/wp\/v2\/product_cat?post=6386"},{"taxonomy":"product_tag","embeddable":true,"href":"https:\/\/ermtech.com.tr\/magaza\/wp-json\/wp\/v2\/product_tag?post=6386"}],"curies":[{"name":"wp","href":"https:\/\/api.w.org\/{rel}","templated":true}]}}