{"id":6352,"date":"2023-11-08T21:53:03","date_gmt":"2023-11-08T18:53:03","guid":{"rendered":"https:\/\/ermtech.com.tr\/magaza\/?post_type=product&#038;p=6352"},"modified":"2023-11-29T16:15:27","modified_gmt":"2023-11-29T13:15:27","slug":"cbe-mpusb-5v-3a-usb-sarj-soketi-12v-giris","status":"publish","type":"product","link":"https:\/\/ermtech.com.tr\/magaza\/urun\/cbe-mpusb-5v-3a-usb-sarj-soketi-12v-giris","title":{"rendered":"CBE MPUSB  5V 3A Usb \u015earj Soketi (12V Giri\u015f)"},"content":{"rendered":"<div id=\"Jpills-two-example1\" class=\"tab-pane fade active show\" role=\"tabpanel\" aria-labelledby=\"Jpills-two-example1-tab\">\n<p><span style=\"color: f28b00; font-family: helvetica; font-weight: bold; font-size: 18px; letter-spacing: -0.3px;\">CBE MPUSB 5V 3A Usb \u015earj Soketi (12V Giri\u015f)<\/span><\/p>\n<p><span style=\"color: f28b00; font-family: helvetica; ;font-size: 14px; letter-spacing: -0.3px;\"> Stok kodu: CBE212922<\/span><\/p>\n<p><strong>5V 3A USB soketi<\/strong><\/p>\n<p>12V giri\u015f g\u00fc\u00e7 kayna\u011f\u0131 voltaj\u0131<\/p>\n<table border=\"1\">\n<tbody>\n<tr>\n<td><b>\u015eABLON<\/b><\/td>\n<td><b>RENK<\/b><\/td>\n<td><b>KABARCIK<\/b><\/td>\n<td><b>KUTU (*)<\/b><\/td>\n<\/tr>\n<tr>\n<td>BMPUSB \/ GR<\/td>\n<td>Antrasit gri RAL7021<\/td>\n<td>235642<\/td>\n<td>275642<\/td>\n<\/tr>\n<tr>\n<td>BMPUSB \/ MA<\/td>\n<td>Kahverengi RAL8017<\/td>\n<td>235646<\/td>\n<td>275646<\/td>\n<\/tr>\n<tr>\n<td>BMPUSB \/ BI<\/td>\n<td>Parlak beyaz RAL9010<\/td>\n<td>&#8211;<\/td>\n<td>&#8211;<\/td>\n<\/tr>\n<\/tbody>\n<\/table>\n<p><iframe src=\"https:\/\/www.youtube.com\/embed\/0WcwaDZldcQ?autohide=1&amp;controls=1&amp;showinfo=0\" frameborder=\"0\"><\/iframe><\/p>\n<\/div>\n","protected":false},"excerpt":{"rendered":"<p>CBE MPUSB 5V 3A Usb \u015earj Soketi (12V Giri\u015f) Stok kodu: CBE212922 5V 3A USB soketi 12V giri\u015f g\u00fc\u00e7 kayna\u011f\u0131 voltaj\u0131 \u015eABLON RENK KABARCIK KUTU (*) BMPUSB \/ GR Antrasit<\/p>\n","protected":false},"featured_media":5833,"comment_status":"open","ping_status":"closed","template":"","meta":{"_acf_changed":false},"product_cat":[275],"product_tag":[],"class_list":{"0":"post-6352","1":"product","2":"type-product","3":"status-publish","4":"has-post-thumbnail","6":"product_cat-karavan-priz-ve-anahtar-grubu","8":"first","9":"outofstock","10":"taxable","11":"shipping-taxable","12":"purchasable","13":"product-type-simple"},"acf":[],"_links":{"self":[{"href":"https:\/\/ermtech.com.tr\/magaza\/wp-json\/wp\/v2\/product\/6352","targetHints":{"allow":["GET"]}}],"collection":[{"href":"https:\/\/ermtech.com.tr\/magaza\/wp-json\/wp\/v2\/product"}],"about":[{"href":"https:\/\/ermtech.com.tr\/magaza\/wp-json\/wp\/v2\/types\/product"}],"replies":[{"embeddable":true,"href":"https:\/\/ermtech.com.tr\/magaza\/wp-json\/wp\/v2\/comments?post=6352"}],"version-history":[{"count":0,"href":"https:\/\/ermtech.com.tr\/magaza\/wp-json\/wp\/v2\/product\/6352\/revisions"}],"wp:featuredmedia":[{"embeddable":true,"href":"https:\/\/ermtech.com.tr\/magaza\/wp-json\/wp\/v2\/media\/5833"}],"wp:attachment":[{"href":"https:\/\/ermtech.com.tr\/magaza\/wp-json\/wp\/v2\/media?parent=6352"}],"wp:term":[{"taxonomy":"product_cat","embeddable":true,"href":"https:\/\/ermtech.com.tr\/magaza\/wp-json\/wp\/v2\/product_cat?post=6352"},{"taxonomy":"product_tag","embeddable":true,"href":"https:\/\/ermtech.com.tr\/magaza\/wp-json\/wp\/v2\/product_tag?post=6352"}],"curies":[{"name":"wp","href":"https:\/\/api.w.org\/{rel}","templated":true}]}}