{"id":6343,"date":"2023-11-08T21:52:56","date_gmt":"2023-11-08T18:52:56","guid":{"rendered":"https:\/\/ermtech.com.tr\/magaza\/?post_type=product&#038;p=6343"},"modified":"2025-03-21T16:12:56","modified_gmt":"2025-03-21T13:12:56","slug":"victron-bluesolar-100-30-30a-mppt-solar-sarj-cihazi","status":"publish","type":"product","link":"https:\/\/ermtech.com.tr\/magaza\/urun\/victron-bluesolar-100-30-30a-mppt-solar-sarj-cihazi","title":{"rendered":"Victron BlueSolar 100\/30 30A MPPT  Solar \u015earj Cihaz\u0131"},"content":{"rendered":"<div id=\"Jpills-two-example1\" class=\"tab-pane fade active show\" role=\"tabpanel\" aria-labelledby=\"Jpills-two-example1-tab\">\n<p><span style=\"color: f28b00; font-family: helvetica; font-weight: bold; font-size: 18px; letter-spacing: -0.3px;\">Victron BlueSolar 100\/30 30A MPPT Solar \u015earj Cihaz\u0131<\/span><\/p>\n<p><span style=\"color: f28b00; font-family: helvetica; ;font-size: 14px; letter-spacing: -0.3px;\"> Stok kodu: SCC020030200<\/span><\/p>\n<p>Victron BlueSolar 100-30 MPPT Solar \u015earj Cihaz\u0131<\/p>\n<hr \/>\n<p>5 y\u0131l garanti<br \/>\n30 Amper Ak\u00fc \u015farj ak\u0131m\u0131<br \/>\nStandart \u015farj cihazlar\u0131na g\u00f6re %30 daha fazla verimlilik hatta Victron markas\u0131na ait ultra-fast mppt teknolojisi ile di\u011fer mppt\u2019lere g\u00f6re bile daha y\u00fcksek verimlilik<br \/>\nY\u00fcksek s\u0131cakl\u0131klarda ve nem ortamlar\u0131nda \u00e7al\u0131\u015fabilme \u00f6zelli\u011fi ile yat ve karavanlarda kullan\u0131ma uygundur<br \/>\nRe\u00e7ine kaps\u00fcll\u00fc elektronikler: \u00c7evre ko\u015fullar\u0131na kar\u015f\u0131 elektronik bile\u015fenleri korur.<br \/>\nTeknik \u00d6zellikleri;<\/p>\n<p>Verimlilik:\u00a0 \u00a0 \u00a0 %98<\/p>\n<p>\u015earj ak\u0131m\u0131:\u00a0 \u00a0 \u00a030 Amper<\/p>\n<p>Nominal Panel G\u00fcc\u00fc, 12V i\u00e7in:\u00a0 \u00a0440Watt<\/p>\n<p>Nominal Panel G\u00fcc\u00fc, 24V i\u00e7in:\u00a0 \u00a0880Watt<\/p>\n<p>Maksimum panel voltaj\u0131:\u00a0 \u00a0100 Volt<\/p>\n<p>\u00c7al\u0131\u015fma s\u0131cakl\u0131k aral\u0131\u011f\u0131:\u00a0 -30 ile +60 derece<\/p>\n<p>\u00c7al\u0131\u015fma nemi:\u00a0 %95<\/p>\n<p>Boyutlar\u0131:\u00a0 YxGxD (130 x 186 x 70mm)<\/p>\n<p>A\u011f\u0131rl\u0131k: 1.3 kg<\/p>\n<p>Solar \u1e62arj Cihazlar\u0131<\/p>\n<p>Solar \u015farj cihaz\u0131, g\u00fcne\u015f panellerinden gelen enerjiyi toplar ve ak\u00fclerinizde depolar. En yeni ve en h\u0131zl\u0131 teknolojiyi kullanan BlueSolar bu enerji toplama i\u015flemini maksimum seviyeye \u00e7\u0131kar\u0131r ve ak\u00fcy\u00fc en k\u0131sa s\u00fcrede tamamen \u015farj eder. BlueSolar ak\u00fcn\u00fcn sa\u011fl\u0131\u011f\u0131n\u0131 korur ve hizmet \u00f6mr\u00fcn\u00fc uzat\u0131r.<\/p>\n<p>\u2022 Bluetooth etkin (Bluetooth g\u00fcvenlik cihaz\u0131 gereklidir)<\/p>\n<p>\u2022 Gece\/g\u00fcnd\u00fcz zamanlamas\u0131 ve \u0131\u015f\u0131k karartma se\u00e7ene\u011fi<\/p>\n<p>\u2022 Ultra h\u0131zl\u0131 Maksimum G\u00fc\u00e7 Noktas\u0131 \u0130zleme (MPPT)<\/p>\n<p>\u2022 BatteryLife: ak\u0131ll\u0131 ak\u00fc y\u00f6netimi<\/p>\n<p>\u2022 Y\u00fck \u00c7\u0131k\u0131\u015f\u0131<\/p>\n<p>MPPT: Ultra h\u0131zl\u0131 Maksimum G\u00fc\u00e7 Noktas\u0131 \u0130zleme<\/p>\n<p>MPPT teknolojisi, solar panellerinizin (PV) voltaj ve ak\u0131m \u00e7\u0131k\u0131\u015f\u0131n\u0131 s\u00fcrekli izleyerek panellerin toplad\u0131\u011f\u0131 her damla g\u00fcc\u00fcn al\u0131nabilmesini ve depolanabilmesini sa\u011flar. Bunun avantaj\u0131 \u00f6zellikle havan\u0131n par\u00e7al\u0131 bulutlu oldu\u011fu ve \u0131\u015f\u0131k yo\u011funlu\u011funun s\u00fcrekli de\u011fi\u015fti\u011fi zamanlarda fark edilir.<\/p>\n<p>Uzaktan \u0130zleme ve Kontrol<\/p>\n<p>Opsiyonel bir Bluetooth ba\u011flant\u0131 cihaz\u0131 alarak ve onun arac\u0131l\u0131\u011f\u0131yla ak\u0131ll\u0131 telefon veya ba\u015fka bir ayg\u0131t\u0131n\u0131zla e\u015fle\u015ftirerek BlueSolar MPPT \u015farj cihaz\u0131n\u0131n kapsaml\u0131 \u00f6zelliklerini uzaktan kontrol edebilir ve izleyebilirsiniz.<\/p>\n<div class=\"videodetector\"><iframe src=\"https:\/\/www.youtube.com\/embed\/vZJA4eTd6vw?autohide=1&amp;controls=1&amp;showinfo=0\" frameborder=\"0\"><\/iframe><\/div>\n<div class=\"videodetector\"><\/div>\n<\/div>\n","protected":false},"excerpt":{"rendered":"<p><img decoding=\"async\" class=\"alignnone wp-image-6859 size-full\" src=\"https:\/\/ermtech.com.tr\/magaza\/wp-content\/uploads\/sites\/2\/2023\/11\/victron-energy-bv-logo-vector-e1699788428433.png\" alt=\"\" width=\"150\" height=\"83\" \/><\/p>\n","protected":false},"featured_media":5807,"comment_status":"open","ping_status":"closed","template":"","meta":{"_acf_changed":false},"product_cat":[15,297],"product_tag":[],"class_list":{"0":"post-6343","1":"product","2":"type-product","3":"status-publish","4":"has-post-thumbnail","6":"product_cat-enerji","7":"product_cat-mppt-solar-sarj-cihazlari","9":"first","10":"instock","11":"taxable","12":"shipping-taxable","13":"purchasable","14":"product-type-simple"},"acf":[],"_links":{"self":[{"href":"https:\/\/ermtech.com.tr\/magaza\/wp-json\/wp\/v2\/product\/6343","targetHints":{"allow":["GET"]}}],"collection":[{"href":"https:\/\/ermtech.com.tr\/magaza\/wp-json\/wp\/v2\/product"}],"about":[{"href":"https:\/\/ermtech.com.tr\/magaza\/wp-json\/wp\/v2\/types\/product"}],"replies":[{"embeddable":true,"href":"https:\/\/ermtech.com.tr\/magaza\/wp-json\/wp\/v2\/comments?post=6343"}],"version-history":[{"count":2,"href":"https:\/\/ermtech.com.tr\/magaza\/wp-json\/wp\/v2\/product\/6343\/revisions"}],"predecessor-version":[{"id":8017,"href":"https:\/\/ermtech.com.tr\/magaza\/wp-json\/wp\/v2\/product\/6343\/revisions\/8017"}],"wp:featuredmedia":[{"embeddable":true,"href":"https:\/\/ermtech.com.tr\/magaza\/wp-json\/wp\/v2\/media\/5807"}],"wp:attachment":[{"href":"https:\/\/ermtech.com.tr\/magaza\/wp-json\/wp\/v2\/media?parent=6343"}],"wp:term":[{"taxonomy":"product_cat","embeddable":true,"href":"https:\/\/ermtech.com.tr\/magaza\/wp-json\/wp\/v2\/product_cat?post=6343"},{"taxonomy":"product_tag","embeddable":true,"href":"https:\/\/ermtech.com.tr\/magaza\/wp-json\/wp\/v2\/product_tag?post=6343"}],"curies":[{"name":"wp","href":"https:\/\/api.w.org\/{rel}","templated":true}]}}