{"id":6341,"date":"2023-11-08T21:52:56","date_gmt":"2023-11-08T18:52:56","guid":{"rendered":"https:\/\/ermtech.com.tr\/magaza\/?post_type=product&#038;p=6341"},"modified":"2025-03-21T16:14:32","modified_gmt":"2025-03-21T13:14:32","slug":"victron-battery-monitor-bmv-702","status":"publish","type":"product","link":"https:\/\/ermtech.com.tr\/magaza\/urun\/victron-battery-monitor-bmv-702","title":{"rendered":"Victron Battery Monitor BMV-702"},"content":{"rendered":"<div id=\"Jpills-two-example1\" class=\"tab-pane fade active show\" role=\"tabpanel\" aria-labelledby=\"Jpills-two-example1-tab\">\n<p><span style=\"color: f28b00; font-family: helvetica; font-weight: bold; font-size: 18px; letter-spacing: -0.3px;\">Victron Battery Monitor BMV-702<\/span><\/p>\n<p>BMV-700 serisi, en yeni y\u00fcksek hassasiyetli ak\u00fc izleme \u00fcnitemizdir. Bir izleme \u00fcnitesinin temel i\u015flevi, t\u00fcketilen amper\/saatleri ve bir ak\u00fcn\u00fcn \u015farj durumunu hesaplamakt\u0131r. T\u00fcketilen amper\/saatler, ak\u00fcye giren ve \u00e7\u0131kan ak\u0131m\u0131n toplanmas\u0131yla hesaplan\u0131r.<\/p>\n<div class=\"videodetector\"><iframe src=\"https:\/\/www.youtube.com\/embed\/MRljOaTdc3s?autohide=1&amp;controls=1&amp;showinfo=0\" frameborder=\"0\"><\/iframe><\/div>\n<div class=\"videodetector\"><\/div>\n<div class=\"videodetector\"><\/div>\n<div class=\"videodetector\">\n<div class=\"videodetector\"><iframe src=\"https:\/\/www.youtube.com\/embed\/Y4AOaf05dnU?autohide=1&amp;controls=1&amp;showinfo=0\" frameborder=\"0\"><\/iframe><\/div>\n<\/div>\n<\/div>\n","protected":false},"excerpt":{"rendered":"<p><img decoding=\"async\" class=\"alignnone size-full wp-image-6859\" src=\"https:\/\/ermtech.com.tr\/magaza\/wp-content\/uploads\/sites\/2\/2023\/11\/victron-energy-bv-logo-vector-e1699788428433.png\" alt=\"\" width=\"150\" height=\"83\" \/><\/p>\n","protected":false},"featured_media":5805,"comment_status":"open","ping_status":"closed","template":"","meta":{"_acf_changed":false},"product_cat":[326,300],"product_tag":[],"class_list":{"0":"post-6341","1":"product","2":"type-product","3":"status-publish","4":"has-post-thumbnail","6":"product_cat-gosterge-panelleri","7":"product_cat-victron-aku-gostergeleri","9":"first","10":"outofstock","11":"taxable","12":"shipping-taxable","13":"purchasable","14":"product-type-simple"},"acf":[],"_links":{"self":[{"href":"https:\/\/ermtech.com.tr\/magaza\/wp-json\/wp\/v2\/product\/6341","targetHints":{"allow":["GET"]}}],"collection":[{"href":"https:\/\/ermtech.com.tr\/magaza\/wp-json\/wp\/v2\/product"}],"about":[{"href":"https:\/\/ermtech.com.tr\/magaza\/wp-json\/wp\/v2\/types\/product"}],"replies":[{"embeddable":true,"href":"https:\/\/ermtech.com.tr\/magaza\/wp-json\/wp\/v2\/comments?post=6341"}],"version-history":[{"count":2,"href":"https:\/\/ermtech.com.tr\/magaza\/wp-json\/wp\/v2\/product\/6341\/revisions"}],"predecessor-version":[{"id":8018,"href":"https:\/\/ermtech.com.tr\/magaza\/wp-json\/wp\/v2\/product\/6341\/revisions\/8018"}],"wp:featuredmedia":[{"embeddable":true,"href":"https:\/\/ermtech.com.tr\/magaza\/wp-json\/wp\/v2\/media\/5805"}],"wp:attachment":[{"href":"https:\/\/ermtech.com.tr\/magaza\/wp-json\/wp\/v2\/media?parent=6341"}],"wp:term":[{"taxonomy":"product_cat","embeddable":true,"href":"https:\/\/ermtech.com.tr\/magaza\/wp-json\/wp\/v2\/product_cat?post=6341"},{"taxonomy":"product_tag","embeddable":true,"href":"https:\/\/ermtech.com.tr\/magaza\/wp-json\/wp\/v2\/product_tag?post=6341"}],"curies":[{"name":"wp","href":"https:\/\/api.w.org\/{rel}","templated":true}]}}