{"id":6263,"date":"2023-11-08T21:52:38","date_gmt":"2023-11-08T18:52:38","guid":{"rendered":"https:\/\/ermtech.com.tr\/magaza\/?post_type=product&#038;p=6263"},"modified":"2025-03-21T16:40:39","modified_gmt":"2025-03-21T13:40:39","slug":"victron-blue-smart-ip22-charger-220v-12v-30a-1-aku-sarj-cihazi","status":"publish","type":"product","link":"https:\/\/ermtech.com.tr\/magaza\/urun\/victron-blue-smart-ip22-charger-220v-12v-30a-1-aku-sarj-cihazi","title":{"rendered":"Victron Blue Smart IP22 Charger 220V 12V 30A (1) Ak\u00fc \u015earj Cihaz\u0131"},"content":{"rendered":"<div id=\"Jpills-two-example1\" class=\"tab-pane fade active show\" role=\"tabpanel\" aria-labelledby=\"Jpills-two-example1-tab\">\n<p><span style=\"color: f28b00; font-family: helvetica; font-weight: bold; font-size: 18px; letter-spacing: -0.3px;\">Victron Blue Smart IP22 Charger 220V 12V 30A (1) Ak\u00fc \u015earj Cihaz\u0131<\/span><\/p>\n<p><span style=\"color: f28b00; font-family: helvetica; ;font-size: 14px; letter-spacing: -0.3px;\"> Stok kodu: BPC123047002 <\/span><\/p>\n<p>Victron Blue Smart IP22 12\/30 (1), yerle\u015fik Bluetooth \u00f6zellikli yeni profesyonel pil \u015farj cihaz\u0131d\u0131r. Blue Smart IP22 ailesinin \u015farj cihazlar\u0131, at\u00f6lyedeki cihazlar\u0131n yan\u0131 s\u0131ra (klasik) arabalar, motosikletler, tekneler ve karavanlar gibi motorlu ara\u00e7larda kullan\u0131labilir.<br \/>\n<strong>Bluetooth Ak\u0131ll\u0131<\/strong><br \/>\nGerilim ve ak\u0131m\u0131 izlemek, ayarlar\u0131 de\u011fi\u015ftirmek ve yeni \u00f6zellikler kullan\u0131ma sunuldu\u011funda \u015farj cihaz\u0131n\u0131 g\u00fcncellemek i\u00e7in kablosuz \u00e7\u00f6z\u00fcm.<br \/>\n<strong>Y\u00fcksek verim<\/strong><br \/>\n%94&#8217;e varan verimlilikle bu \u015farj cihazlar\u0131, end\u00fcstri standard\u0131na k\u0131yasla d\u00f6rt kata kadar daha az \u0131s\u0131 \u00fcretir. Pil tamamen \u015farj oldu\u011funda, g\u00fc\u00e7 t\u00fcketimi di\u011fer \u00fcreticilerin ekipmanlar\u0131ndan be\u015f ila on kat daha az olan 0,5 watt&#8217;a d\u00fc\u015f\u00fcr\u00fcl\u00fcr.<br \/>\n6 a\u015famal\u0131 de\u011fi\u015fken y\u00fckleme algoritmas\u0131: test &#8211; ilk y\u00fckleme &#8211; absorpsiyon &#8211; yenileme &#8211; de\u011fi\u015fken &#8211; depolama<br \/>\nVictron Blue Smart IP22 12\/30 (1) \u015farj cihaz\u0131, bir mikroi\u015flemci taraf\u0131ndan kontrol edilen &#8220;uyarlanabilir&#8221; pil y\u00f6netimi \u00f6zelli\u011fine sahiptir. &#8220;Uyarlanabilir&#8221; i\u015flevi, pilin kullan\u0131m\u0131na ba\u011fl\u0131 olarak \u015farj i\u015flemini otomatik olarak optimize eder.<br \/>\nTamamen programlanabilir \u015farj algoritmas\u0131<br \/>\nBluetooth uygulamas\u0131 ile absorpsiyon, y\u00fczd\u00fcrme ve depolama voltajlar\u0131n\u0131n yan\u0131 s\u0131ra yenileme ayar\u0131 ve s\u0131cakl\u0131k kompanzasyon de\u011feri programlanabilir. Uzman modunu etkinle\u015ftirdikten sonra uygulama, \u015farj algoritmas\u0131 taraf\u0131ndan kullan\u0131lan neredeyse t\u00fcm parametrelerin ve zaman s\u0131n\u0131rlar\u0131n\u0131n de\u011fi\u015ftirilmesine izin verir.<br \/>\nDepolama modu: pil kullan\u0131lmad\u0131\u011f\u0131nda daha az eskime ve bak\u0131m ihtiyac\u0131<br \/>\nPil 24 saat boyunca bo\u015falmad\u0131\u011f\u0131nda depolama modu etkinle\u015ftirilir. Depolama modunda, pozitif plakalar\u0131n gazlanmas\u0131n\u0131 ve a\u015f\u0131nmas\u0131n\u0131 azaltmak i\u00e7in tampon voltaj\u0131 2,2 V\/h\u00fccreye (12 V piller i\u00e7in 13,2 V) d\u00fc\u015f\u00fcr\u00fcl\u00fcr.<br \/>\nHaftada bir kez, pili &#8220;e\u015fitlemek&#8221; i\u00e7in voltaj emilim seviyesine geri getirilir. Bu i\u015flev, erken pil ar\u0131zas\u0131n\u0131n ana nedenleri olan elektrolit katmanla\u015fmas\u0131n\u0131 ve s\u00fclfatla\u015fmay\u0131 \u00f6nler.<br \/>\nAyn\u0131 zamanda lityum iyon pilleri de \u015farj eder.<br \/>\nLityum-iyon piller, basit bir ba\u015flang\u0131\u00e7 \u200b\u200b\u015farj\u0131 &#8211; emme &#8211; y\u00fczd\u00fcrme algoritmas\u0131yla \u015farj edilir.<br \/>\nTamamen bo\u015falm\u0131\u015f pil kurtarma i\u015flevi<br \/>\nAk\u00fc s\u0131f\u0131r volta kadar bo\u015falm\u0131\u015f olsa bile \u015farj olmaya ba\u015flayacakt\u0131r. Dahili ba\u011flant\u0131 kesme i\u015fleviyle tamamen bo\u015falm\u0131\u015f bir lityum iyon pile yeniden ba\u011flanacakt\u0131r.<br \/>\n<strong>GECE ve D\u00dc\u015e\u00dcK ayar<\/strong><br \/>\nGECE veya D\u00dc\u015e\u00dcK modlar\u0131 etkinken, \u00e7\u0131k\u0131\u015f ak\u0131m\u0131 nominal \u00e7\u0131k\u0131\u015f\u0131n maksimum %50&#8217;sine d\u00fc\u015f\u00fcr\u00fcl\u00fcr ve Victron Blue Smart IP22 12\/30 (1) \u015farj cihaz\u0131 tamamen sessiz olur. GECE modu 8 saat sonra otomatik olarak sonland\u0131r\u0131l\u0131r. D\u00dc\u015e\u00dcK modu manuel olarak sonland\u0131r\u0131labilir.<br \/>\nA\u015f\u0131r\u0131 \u0131s\u0131nmaya kar\u015f\u0131 koruma<br \/>\nS\u0131cakl\u0131k 50\u00b0C&#8217;ye y\u00fckseldik\u00e7e \u00e7\u0131k\u0131\u015f ak\u0131m\u0131 d\u00fc\u015fecek, ancak Blue Smart \u015farj cihaz\u0131 ar\u0131zalanmayacakt\u0131r.<br \/>\nOn bir LED durum g\u00f6stergesi<br \/>\n\u015earj algoritmas\u0131: TEST \/ BULK \/ ABSORPTION \/ RECONDITION \/ FLOAT \/ STORAGE \/ HAZIR MOD d\u00fc\u011fmesi: NORMAL (14,4V) \/ Y\u00dcKSEK (14,7V) \/ YEN\u0130LEME \/ LI-ION<br \/>\n40 d\u00f6ng\u00fcn\u00fcn tarihsel kayd\u0131<br \/>\nGe\u00e7mi\u015f ekran\u0131, \u015farj cihaz\u0131n\u0131n t\u00fcm \u00f6mr\u00fc i\u00e7in ge\u00e7mi\u015f kullan\u0131m verilerini ve son 40 \u015farj d\u00f6ng\u00fcs\u00fc i\u00e7in ayr\u0131nt\u0131l\u0131 istatistikleri i\u00e7erir.<br \/>\n<strong>VE.Ak\u0131ll\u0131 A\u011f<\/strong><br \/>\nVE.Smart a\u011f\u0131, Bluetooth Smart kullanan Victron \u00fcr\u00fcnleri aras\u0131nda kablosuz bir cihazdan cihaza (D2D) ileti\u015fim a\u011f\u0131d\u0131r.<br \/>\n\u0130ste\u011fe ba\u011fl\u0131 ak\u00fc voltaj\u0131 ve s\u0131cakl\u0131k kompanzasyonu ve ak\u0131m sens\u00f6r\u00fc<br \/>\nVE.Smart a\u011f\u0131, \u015farj s\u00fcrecini optimize etme olas\u0131l\u0131\u011f\u0131n\u0131n \u00f6n\u00fcn\u00fc a\u00e7ar: Bir Smart Battery Sense, Smart Battery Monitor veya SmartShunt, pil voltaj\u0131n\u0131 ve s\u0131cakl\u0131\u011f\u0131n\u0131 veya bir veya daha fazla pil \u015farj cihaz\u0131na iletmek i\u00e7in kullan\u0131labilir. Bir Smart Battery Monitor veya SmartShunt da pil ak\u0131m\u0131n\u0131 iletecektir.<br \/>\nParalel senkronize y\u00fckleme<br \/>\nPili tek bir b\u00fcy\u00fck \u015farj cihaz\u0131ym\u0131\u015f gibi \u015farj etmelerini sa\u011flamak i\u00e7in bir VE.Smart a\u011f\u0131nda on adede kadar pil \u015farj cihaz\u0131 senkronize edilebilir. \u015earj cihazlar\u0131, \u015farj algoritmas\u0131n\u0131 birbirleriyle senkronize edecektir. Ayn\u0131 anda bir \u015farj durumundan di\u011ferine, \u00f6rne\u011fin ilk \u015farjdan absorpsiyona ge\u00e7i\u015f yapacaklard\u0131r.<br \/>\nParalel senkronize \u015farj\u0131n birka\u00e7 ilgin\u00e7 avantaj\u0131 vard\u0131r:<br \/>\n&#8211; Fazlal\u0131k: Bir \u015farj cihaz\u0131 herhangi bir nedenle durursa, di\u011fer \u015farj cihazlar\u0131 \u00e7al\u0131\u015fmaya devam eder.<br \/>\n&#8211; Esneklik: Bir \u015farj cihaz\u0131n\u0131n yaln\u0131zca daha fazla g\u00fc\u00e7 gerekti\u011finde \u015febekeye eklenmesi gerekir.<br \/>\n&#8211; Maliyet: Genel olarak, birka\u00e7 d\u00fc\u015f\u00fck g\u00fc\u00e7l\u00fc \u015farj cihaz\u0131, tek bir y\u00fcksek g\u00fc\u00e7l\u00fc \u015farj cihaz\u0131ndan daha ucuza mal olacakt\u0131r.<br \/>\n&#8211; Kurulum: birka\u00e7 d\u00fc\u015f\u00fck g\u00fc\u00e7l\u00fc \u015farj cihaz\u0131n\u0131 k\u00fc\u00e7\u00fck bir alana s\u0131\u011fd\u0131rmak daha kolay olabilir.<\/p>\n<table border=\"0\" width=\"446\" cellspacing=\"0\" cellpadding=\"0\">\n<tbody>\n<tr>\n<td width=\"207\" height=\"20\">Boyut<\/td>\n<td width=\"239\">23.5 x 10.8 x 6.5 cm<\/td>\n<\/tr>\n<tr>\n<td width=\"207\" height=\"20\">A\u011f\u0131rl\u0131k<\/td>\n<td width=\"239\">1.3 kg<\/td>\n<\/tr>\n<tr>\n<td width=\"207\" height=\"20\">Giri\u015f Gerilim Aral\u0131\u011f\u0131<\/td>\n<td width=\"239\">180 \u2013 265 VAC<\/td>\n<\/tr>\n<tr>\n<td width=\"207\" height=\"20\">Normal \u015earj Ak\u0131m\u0131<\/td>\n<td width=\"239\">30 A<\/td>\n<\/tr>\n<tr>\n<td width=\"207\" height=\"20\">Gece\/D\u00fc\u015f\u00fck \u015earj Ak\u0131m\u0131<\/td>\n<td width=\"239\">15 A<\/td>\n<\/tr>\n<tr>\n<td width=\"207\" height=\"20\">Verimlilik<\/td>\n<td width=\"239\">93%<\/td>\n<\/tr>\n<tr>\n<td width=\"207\" height=\"20\">Beklemede G\u00fc\u00e7 T\u00fcketimi<\/td>\n<td width=\"239\">0-5 W<\/td>\n<\/tr>\n<tr>\n<td width=\"207\" height=\"20\">Frekans<\/td>\n<td width=\"239\">45 \u2013 65 Hz<\/td>\n<\/tr>\n<tr>\n<td width=\"207\" height=\"20\">\u00c7\u0131k\u0131\u015f Say\u0131s\u0131<\/td>\n<td width=\"239\">1 ya da 3<\/td>\n<\/tr>\n<tr>\n<td width=\"207\" height=\"32\">\u015earj Voltaj\u0131 &#8220;Emilim&#8221;<\/td>\n<td width=\"239\">Normal: 14,4 V Y\u00fcksek: 14,7 V Li-ion: 14,2 V<\/td>\n<\/tr>\n<tr>\n<td width=\"207\" height=\"32\">\u015earj Voltaj\u0131 &#8220;Y\u00fczd\u00fcrme&#8221;<\/td>\n<td width=\"239\">Normal: 13,8 V Y\u00fcksek: 13,8 V Li-ion: 13,5 V<\/td>\n<\/tr>\n<tr>\n<td width=\"207\" height=\"32\">\u015earj Voltaj\u0131 &#8220;Depolama&#8221;<\/td>\n<td width=\"239\">Normal: 13,2 V Y\u00fcksek: 13,2 V Li-ion: 13,5 V<\/td>\n<\/tr>\n<tr>\n<td width=\"207\" height=\"20\">\u015earj Algoritmas\u0131<\/td>\n<td width=\"239\">6 A\u015famal\u0131 Adaptif<\/td>\n<\/tr>\n<tr>\n<td width=\"207\" height=\"20\">G\u00fc\u00e7 Kayna\u011f\u0131 Olarak Kullan\u0131labilir<\/td>\n<td width=\"239\">Evet<\/td>\n<\/tr>\n<tr>\n<td rowspan=\"3\" width=\"207\" height=\"60\">Koruma<\/td>\n<td width=\"239\">Ak\u00fc ters polarite (sigorta)<\/td>\n<\/tr>\n<tr>\n<td width=\"239\" height=\"20\">\u00c7\u0131k\u0131\u015f k\u0131sa devresi<\/td>\n<\/tr>\n<tr>\n<td width=\"239\" height=\"20\">A\u015f\u0131r\u0131 s\u0131cakl\u0131k<\/td>\n<\/tr>\n<tr>\n<td width=\"207\" height=\"32\">\u00c7al\u0131\u015fma S\u0131cakl\u0131k Aral\u0131\u011f\u0131<\/td>\n<td width=\"239\">-40 ila +60 \u00b0C (40 \u00b0C&#8217;ye Kadar Tam G\u00fc\u00e7 \u00c7\u0131k\u0131\u015f\u0131)<\/td>\n<\/tr>\n<tr>\n<td width=\"207\" height=\"20\">Nem (Yo\u011fu\u015fmas\u0131z)<\/td>\n<td width=\"239\">Maks. %98<\/td>\n<\/tr>\n<tr>\n<td width=\"207\" height=\"20\">Ak\u00fc Ba\u011flant\u0131s\u0131<\/td>\n<td width=\"239\">Vidal\u0131 Terminaller 16 mm\u00b2 \/ AWG6<\/td>\n<\/tr>\n<tr>\n<td width=\"207\" height=\"48\">230 VAC Ba\u011flant\u0131s\u0131<\/td>\n<td width=\"239\">CEE 7\/7, BS 1363 Fi\u015fli (UK) ya da AS\/NZS 3112 Fi\u015fli (AU\/NZ) 1,5 Metre Kablo<\/td>\n<\/tr>\n<tr>\n<td width=\"207\" height=\"20\">Koruma Kategorisi<\/td>\n<td width=\"239\">IP 22<\/td>\n<\/tr>\n<tr>\n<td width=\"207\" height=\"20\">G\u00fcvenlik<\/td>\n<td width=\"239\">EN 60335-1, EN 60335-2-29<\/td>\n<\/tr>\n<tr>\n<td width=\"207\" height=\"32\">Ba\u011f\u0131\u015f\u0131kl\u0131k<\/td>\n<td width=\"239\">EN 55014-1, EN 61000-6-3, EN 61000-3-2<\/td>\n<\/tr>\n<tr>\n<td width=\"207\" height=\"32\">Emisyon<\/td>\n<td width=\"239\">EN 55014-2, EN 61000-6-1, EN 61000-6-2, EN 61000-3-3<\/td>\n<\/tr>\n<tr>\n<td width=\"207\" height=\"20\">Otomotiv<\/td>\n<td width=\"239\">ECE R10-5<\/td>\n<\/tr>\n<\/tbody>\n<\/table>\n<\/div>\n","protected":false},"excerpt":{"rendered":"<p><img decoding=\"async\" class=\"alignnone size-full wp-image-6859\" src=\"https:\/\/ermtech.com.tr\/magaza\/wp-content\/uploads\/sites\/2\/2023\/11\/victron-energy-bv-logo-vector-e1699788428433.png\" alt=\"\" width=\"150\" height=\"83\" \/><\/p>\n","protected":false},"featured_media":5570,"comment_status":"open","ping_status":"closed","template":"","meta":{"_acf_changed":false},"product_cat":[285],"product_tag":[],"class_list":{"0":"post-6263","1":"product","2":"type-product","3":"status-publish","4":"has-post-thumbnail","6":"product_cat-aku-sarj-cihazlari-karavan-enerji-enerji","8":"first","9":"instock","10":"taxable","11":"shipping-taxable","12":"purchasable","13":"product-type-simple"},"acf":[],"_links":{"self":[{"href":"https:\/\/ermtech.com.tr\/magaza\/wp-json\/wp\/v2\/product\/6263","targetHints":{"allow":["GET"]}}],"collection":[{"href":"https:\/\/ermtech.com.tr\/magaza\/wp-json\/wp\/v2\/product"}],"about":[{"href":"https:\/\/ermtech.com.tr\/magaza\/wp-json\/wp\/v2\/types\/product"}],"replies":[{"embeddable":true,"href":"https:\/\/ermtech.com.tr\/magaza\/wp-json\/wp\/v2\/comments?post=6263"}],"version-history":[{"count":2,"href":"https:\/\/ermtech.com.tr\/magaza\/wp-json\/wp\/v2\/product\/6263\/revisions"}],"predecessor-version":[{"id":8032,"href":"https:\/\/ermtech.com.tr\/magaza\/wp-json\/wp\/v2\/product\/6263\/revisions\/8032"}],"wp:featuredmedia":[{"embeddable":true,"href":"https:\/\/ermtech.com.tr\/magaza\/wp-json\/wp\/v2\/media\/5570"}],"wp:attachment":[{"href":"https:\/\/ermtech.com.tr\/magaza\/wp-json\/wp\/v2\/media?parent=6263"}],"wp:term":[{"taxonomy":"product_cat","embeddable":true,"href":"https:\/\/ermtech.com.tr\/magaza\/wp-json\/wp\/v2\/product_cat?post=6263"},{"taxonomy":"product_tag","embeddable":true,"href":"https:\/\/ermtech.com.tr\/magaza\/wp-json\/wp\/v2\/product_tag?post=6263"}],"curies":[{"name":"wp","href":"https:\/\/api.w.org\/{rel}","templated":true}]}}